{"id":56,"date":"2018-12-20T15:19:14","date_gmt":"2018-12-20T15:19:14","guid":{"rendered":"http:\/\/rosemariecaron.com\/?page_id=56"},"modified":"2024-07-10T20:23:04","modified_gmt":"2024-07-10T20:23:04","slug":"expositions","status":"publish","type":"page","link":"https:\/\/rosemariecaron.com\/index.php\/expositions\/","title":{"rendered":"Expositions"},"content":{"rendered":"\n<figure class=\"wp-block-image size-large\"><img data-recalc-dims=\"1\" loading=\"lazy\" decoding=\"async\" width=\"780\" height=\"585\" data-attachment-id=\"929\" data-permalink=\"https:\/\/rosemariecaron.com\/index.php\/expositions\/site-web-archive-2024\/\" data-orig-file=\"https:\/\/i0.wp.com\/rosemariecaron.com\/wp-content\/uploads\/2024\/07\/site-web-archive-2024.jpg?fit=2016%2C1512&amp;ssl=1\" data-orig-size=\"2016,1512\" data-comments-opened=\"1\" data-image-meta=\"{&quot;aperture&quot;:&quot;0&quot;,&quot;credit&quot;:&quot;&quot;,&quot;camera&quot;:&quot;&quot;,&quot;caption&quot;:&quot;&quot;,&quot;created_timestamp&quot;:&quot;0&quot;,&quot;copyright&quot;:&quot;&quot;,&quot;focal_length&quot;:&quot;0&quot;,&quot;iso&quot;:&quot;0&quot;,&quot;shutter_speed&quot;:&quot;0&quot;,&quot;title&quot;:&quot;&quot;,&quot;orientation&quot;:&quot;1&quot;}\" data-image-title=\"site-web-archive-2024\" data-image-description=\"\" data-image-caption=\"\" data-large-file=\"https:\/\/i0.wp.com\/rosemariecaron.com\/wp-content\/uploads\/2024\/07\/site-web-archive-2024.jpg?fit=780%2C585&amp;ssl=1\" src=\"https:\/\/i0.wp.com\/rosemariecaron.com\/wp-content\/uploads\/2024\/07\/site-web-archive-2024.jpg?resize=780%2C585&#038;ssl=1\" alt=\"\" class=\"wp-image-929\" srcset=\"https:\/\/i0.wp.com\/rosemariecaron.com\/wp-content\/uploads\/2024\/07\/site-web-archive-2024.jpg?resize=1024%2C768&amp;ssl=1 1024w, https:\/\/i0.wp.com\/rosemariecaron.com\/wp-content\/uploads\/2024\/07\/site-web-archive-2024.jpg?resize=300%2C225&amp;ssl=1 300w, https:\/\/i0.wp.com\/rosemariecaron.com\/wp-content\/uploads\/2024\/07\/site-web-archive-2024.jpg?resize=768%2C576&amp;ssl=1 768w, https:\/\/i0.wp.com\/rosemariecaron.com\/wp-content\/uploads\/2024\/07\/site-web-archive-2024.jpg?resize=1536%2C1152&amp;ssl=1 1536w, https:\/\/i0.wp.com\/rosemariecaron.com\/wp-content\/uploads\/2024\/07\/site-web-archive-2024.jpg?w=2016&amp;ssl=1 2016w\" sizes=\"auto, (max-width: 780px) 100vw, 780px\" \/><\/figure>\n\n\n\n<p><strong>Exposition Pass\u00e9es\u00a0<\/strong><\/p>\n\n\n\n<p>Individuelle\u00a0\u00a0<\/p>\n\n\n\n<p>&#8211; C\u00e9gep de Jonqui\u00e8re, Jonqui\u00e8re (QC), <em>Osciller la voie des chrysalides<\/em>, 11 octobre au 26 novembre 2023<\/p>\n\n\n\n<p>-Biblioth\u00e8que Louis-Ange Santerre, Sept-\u00celes (QC),<em> De l\u2019effervescence \u00e0 la fugacit\u00e9<\/em>, 3 juin au 5 juillet 2019&nbsp;<\/p>\n\n\n\n<p>-Mus\u00e9e r\u00e9gional de la C\u00f4te-Nord, Sept-\u00celes (QC),<em> Vibrance<\/em>, 10 octobre au 2 d\u00e9cembre 2018&nbsp;<\/p>\n\n\n\n<p>-Biblioth\u00e8que Louis-Ange Santerre, Sept-\u00celes (QC),<em> Visages<\/em>, 6 ao\u00fbt au 3 septembre 2018&nbsp;<\/p>\n\n\n\n<p>-Caf\u00e9 chez Sophie, <em>Imaginaire, <\/em>Sept-\u00celes (QC), 1 juin au 1 juillet 2018&nbsp;<\/p>\n\n\n\n<p>-Biblioth\u00e8que Louis-Ange Santerre, Sept-\u00celes (QC),<em> int\u00e9riorit\u00e9<\/em>, 3 juin au 3 juillet 2017&nbsp;<\/p>\n\n\n\n<p>Collectives&nbsp;&nbsp;<\/p>\n\n\n\n<p>-La Galerie L\u2019\u0152uvre de l\u2019Autre, Chicoutimi (QC), Imaginaire perdu, 8 au 21 d\u00e9cembre 2021&nbsp;<\/p>\n\n\n\n<p>-La Galerie L\u2019\u0152uvre de l\u2019Autre, Chicoutimi (QC), M\u00e9moire de l\u2019entendement, 8 au 12 mars 2021&nbsp;<\/p>\n\n\n\n<p>-Universit\u00e9 du Qu\u00e9bec \u00e0 Chicoutimi, Chicoutimi (QC), Vernissage Hybride, 25 avril 2019&nbsp;<\/p>\n\n\n\n<p>-La Galerie L\u2019\u0152uvre de l\u2019Autre, Chicoutimi (QC), Festival Cin\u00e9moi, 3 au 17 avril 2019&nbsp;<\/p>\n\n\n\n<p>-455 rue Arnaud, Sept-\u00celes (QC), <em>Exposition des Membres de PANACHE<\/em>, 4 au 15 juin 2018&nbsp;<\/p>\n\n\n\n<p>-C\u00e9gep de Sept-\u00celes, Sept-\u00celes (QC),<em> Exposition des finissant 2017<\/em>, 10 au 16 mai 2017&nbsp;<\/p>\n\n\n\n<p><\/p>\n","protected":false},"excerpt":{"rendered":"<p>Exposition Pass\u00e9es\u00a0 Individuelle\u00a0\u00a0 &#8211; C\u00e9gep de Jonqui\u00e8re, Jonqui\u00e8re (QC), Osciller la voie des chrysalides, 11 octobre au 26 novembre 2023 -Biblioth\u00e8que Louis-Ange Santerre, Sept-\u00celes (QC), De l\u2019effervescence \u00e0 la fugacit\u00e9, 3 juin au 5 juillet 2019&nbsp; -Mus\u00e9e r\u00e9gional de la C\u00f4te-Nord, Sept-\u00celes (QC), Vibrance, 10 octobre au 2 d\u00e9cembre 2018&nbsp; -Biblioth\u00e8que Louis-Ange Santerre, Sept-\u00celes (QC), &hellip; <\/p>\n","protected":false},"author":1,"featured_media":0,"parent":0,"menu_order":0,"comment_status":"closed","ping_status":"closed","template":"","meta":{"jetpack_post_was_ever_published":false,"footnotes":""},"class_list":["post-56","page","type-page","status-publish","hentry"],"jetpack_sharing_enabled":true,"jetpack_shortlink":"https:\/\/wp.me\/PayfvP-U","jetpack-related-posts":[],"_links":{"self":[{"href":"https:\/\/rosemariecaron.com\/index.php\/wp-json\/wp\/v2\/pages\/56","targetHints":{"allow":["GET"]}}],"collection":[{"href":"https:\/\/rosemariecaron.com\/index.php\/wp-json\/wp\/v2\/pages"}],"about":[{"href":"https:\/\/rosemariecaron.com\/index.php\/wp-json\/wp\/v2\/types\/page"}],"author":[{"embeddable":true,"href":"https:\/\/rosemariecaron.com\/index.php\/wp-json\/wp\/v2\/users\/1"}],"replies":[{"embeddable":true,"href":"https:\/\/rosemariecaron.com\/index.php\/wp-json\/wp\/v2\/comments?post=56"}],"version-history":[{"count":9,"href":"https:\/\/rosemariecaron.com\/index.php\/wp-json\/wp\/v2\/pages\/56\/revisions"}],"predecessor-version":[{"id":931,"href":"https:\/\/rosemariecaron.com\/index.php\/wp-json\/wp\/v2\/pages\/56\/revisions\/931"}],"wp:attachment":[{"href":"https:\/\/rosemariecaron.com\/index.php\/wp-json\/wp\/v2\/media?parent=56"}],"curies":[{"name":"wp","href":"https:\/\/api.w.org\/{rel}","templated":true}]}}